5.
7
What is the remainder when 1242411 is divided by 1702?
1653
What is the remainder when 3722675 is divided by 413630?
5
What is the remainder when 1863678 is divided by 73?
61
Calculate the remainder when 157020 is divided by 555.
510
What is the remainder when 121846 is divided by 30153?
1234
What is the remainder when 8587036 is divided by 40?
36
Calculate the remainder when 2177912 is divided by 145193.
17
What is the remainder when 20608576 is divided by 135?
16
What is the remainder when 383153 is divided by 34753?
870
Calculate the remainder when 165200 is divided by 1636.
1600
What is the remainder when 26497 is divided by 1473?
1456
Calculate the remainder when 227318066 is divided by 30.
26
Calculate the remainder when 79889982 is divided by 35.
32
What is the remainder when 1034533 is divided by 356?
353
Calculate the remainder when 475787 is divided by 7208.
59
What is the remainder when 54778 is divided by 4559?
70
What is the remainder when 1734 is divided by 1146?
588
Calculate the remainder when 722500 is divided by 1531.
1399
Calculate the remainder when 98343 is divided by 59.
49
Calculate the remainder when 126152 is divided by 264.
224
Calculate the remainder when 31489546 is divided by 1723.
1721
What is the remainder when 577964 is divided by 144487?
16
Calculate the remainder when 17331 is divided by 7176.
2979
What is the remainder when 307976 is divided by 307956?
20
Calculate the remainder when 1225135 is divided by 1240.
15
Calculate the remainder when 1681316690 is divided by 44.
42
Calculate the remainder when 124827 is divided by 83.
78
Calculate the remainder when 68984 is divided by 862.
24
Calculate the remainder when 201584 is divided by 38.
32
What is the remainder when 437837 is divided by 1920?
77
Calculate the remainder when 2381850 is divided by 68.
14
Calculate the remainder when 880272 is divided by 56.
8
What is the remainder when 193616 is divided by 33?
5
What is the remainder when 5216 is divided by 878?
826
What is the remainder when 54047436 is divided by 5778?
24
What is the remainder when 513706 is divided by 46?
24
What is the remainder when 695263 is divided by 7166?
161
What is the remainder when 1015644402 is divided by 14?
10
What is the remainder when 1362933 is divided by 166?
73
Calculate the remainder when 142783 is divided by 116.
103
Calculate the remainder when 3335951 is divided by 98102.
483
What is the remainder when 922957 is divided by 307561?
274
Calculate the remainder when 196475 is divided by 1985.
1945
Calculate the remainder when 10097401 is divided by 305981.
28
What is the remainder when 446659 is divided by 1798?
755
Calculate the remainder when 7741 is divided by 2316.
793
Calculate the remainder when 404504 is divided by 202094.
316
What is the remainder when 173036 is divided by 261?
254
What is the remainder when 467584 is divided by 50907?
9421
Calculate the remainder when 39303931 is divided by 9825981.
7
What is the remainder when 1988940 is divided by 264?
228
What is the remainder when 320226 is divided by 16011?
6
What is the remainder when 34888 is divided by 8681?
164
What is the remainder when 16930273 is divided by 25?
23
What is the remainder when 21713764 is divided by 599?
14
What is the remainder when 53370016 is divided by 26?
24
Calculate the remainder when 511350 is divided by 394.
332
What is the remainder when 2535909 is divided by 19358?
11
What is the remainder when 30306 is divided by 633?
555
What is the remainder when 35585 is divided by 3097?
1518
Calculate the remainder when 35215 is divided by 11710.
85
Calculate the remainder when 4439432 is divided by 1433.
1431
Calculate the remainder when 152030 is divided by 30251.
775
What is the remainder when 160620 is divided by 17809?
339
Calculate the remainder when 2956024 is divided by 768.
760
What is the remainder when 2918188 is divided by 328?
300
What is the remainder when 399770 is divided by 55422?
11816
Calculate the remainder when 985672 is divided by 406.
310
What is the remainder when 310934976 is divided by 11959037?
14
Calculate the remainder when 28663 is divided by 550.
63
Calculate the remainder when 276910 is divided by 8485.
5390
Calculate the remainder when 7834019 is divided by 126.
95
What is the remainder when 228386 is divided by 1677?
314
Calculate the remainder when 25602 is divided by 23946.
1656
What is the remainder when 4120116 is divided by 584?
580
Calculate the remainder when 97837 is divided by 118.
15
Calculate the remainder when 91992161 is divided by 11.
8
Calculate the remainder when 21750 is divided by 10047.
1656
What is the remainder when 684609 is divided by 359?
355
Calculate the remainder when 1392195 is divided by 38669.
111
Calculate the remainder when 8488819 is divided by 7.
3
Calculate the remainder when 1885079 is divided by 628359.
2
What is the remainder when 28825 is divided by 2227?
2101
Calculate the remainder when 5212891 is divided by 76.
51
Calculate the remainder when 764369 is divided by 7421.
6
Calculate the remainder when 2217808 is divided by 1108874.
60
Calculate the remainder when 914146 is divided by 1511.
1502
Calculate the remainder when 778100 is divided by 7.
1
Calculate the remainder when 2367256 is divided by 2523.
682
What is the remainder when 10268000 is divided by 17951?
28
Calculate the remainder when 2249936 is divided by 9375.
9311
What is the remainder when 77878210 is divided by 26?
20
What is the remainder when 864042 is divided by 564?
558
Calculate the remainder when 20641449 is divided by 17.
15
What is the remainder when 1175763 is divided by 673?
32
Calculate the remainder when 6866850 is divided by 4762.
46
What is the remainder when 8287304 is divided by 225?
104
Calculate the remainder when 53666 is divided by 696.
74
Calculate the remainder when 1781837 is divided by 20.
17
What is the remainder when 374464 is divided by 25878?
12172
Calculate the remainder when 11673965 is divided by 2064.
2045
Calculate the remainder when 106583 is divided by 2533.
197
Calculate the remainder when 722200 is divided by 60171.
148
What is the remainder when 3271320 is divided by 946?
52
What is the remainder when 3420167 is divided by 56996?
407
Calculate the remainder when 2527907 is divided by 245.
242
Calculate the remainder when 11085 is divided by 6803.
4282
What is the remainder when 40992 is divided by 12672?
2976
Calculate the remainder when 272452 is divided by 45328.
484
What is the remainder when 5715421 is divided by 4957?
0
What is the remainder when 17739951 is divided by 5172?
5163
What is the remainder when 76346 is divided by 7347?
2876
What is the remainder when 660466937 is divided by 174?
173
Calculate the remainder when 3789701 is divided by 378.
251
Calculate the remainder when 138565 is divided by 996.
121
What is the remainder when 54083119 is divided by 266?
265
What is the remainder when 629828 is divided by 12112?
4
Calculate the remainder when 284816248 is divided by 58.
56
What is the remainder when 205511 is divided by 12838?
103
What is the remainder when 44617616 is divided by 3718134?
8
What is the remainder when 743193 is divided by 794?
9
Calculate the remainder when 94211 is divided by 1085.
901
What is the remainder when 5132448 is divided by 447?
441
Calculate the remainder when 426533 is divided by 524.
521
Calculate the remainder when 2384281 is divided by 2384248.
33
What is the remainder when 1862401 is divided by 1638?
1633
Calculate the remainder when 260173 is divided by 431.
280
What is the remainder when 6888608 is divided by 18?
8
Calculate the remainder when 5213501 is divided by 6141.
5933
Calculate the remainder when 7931316 is divided by 8842.
42
Calculate the remainder when 154799 is divided by 244.
103
Calculate the remainder when 165430890 is divided by 4839.
4836
What is the remainder when 48006368 is divided by 9?
8
What is the remainder when 1543962 is divided by 84?
42
Calculate the remainder when 79874 is divided by 2763.
2510
Calculate the remainder when 30986984 is divided by 1846.
28
What is the remainder when 78944 is divided by 186?
80
What is the remainder when 15942516 is divided by 187559?
1
Calculate the remainder when 50808 is divided by 50141.
